f r.
2, 5
Let b = 26 + 34. What are the prime factors of b?
2, 3, 5
What are the prime factors of 6/(-15) + (-254)/(-10)?
5
List the prime factors of -1 + 233 + -1 + (11 - 7).
5, 47
Let n(u) = u**3 + 3*u**2 + 8*u + 0*u**2 + 6 + 6*u**2. Let x be n(-8). List the prime factors of 2/(x/27) + 1.
2, 5
Suppose -14*b + 24 = -8*b. What are the prime factors of b?
2
Suppose -3*x = x - 76. List the prime factors of x.
19
Let o be 54 + (-2 - -1) + 2. Let s = -34 + o. Suppose s = -0*l + 3*l. List the prime factors of l.
7
Let r = 49 - 6. List the prime factors of r.
43
Let n be 33*3/(9/2). Let p = n + -12. Let w = -2 + p. What are the prime factors of w?
2
Let p = 17 + -13. List the prime factors of (-110)/p*(-36)/30.
3, 11
Let g = 13 + -2. Suppose 3*l - 22 = g. List the prime factors of l.
11
Let l(q) = -q - 4. Let c be l(-9). Let p = 12 - c. What are the prime factors of p?
7
Let r(w) = -w**2 - 17*w - 20. List the prime factors of r(-10).
2, 5
Let t(m) = -5*m + 2. Let w be t(7). Let p be (0 + -2)/(-1) - w. Suppose -5*g + 4*g = -4*d + p, -d - 3*g + 25 = 0. List the prime factors of d.
2, 5
Let v(g) = -g**3 + 8*g**2 + g - 1. Let r(d) = -d**3 - 5*d**2 - d - 1. Let w be r(-5). Suppose 0 = 3*j - 3, x - 2 = 2*j + w. What are the prime factors of v(x)?
7
Let y = -38 - -91. List the prime factors of y.
53
Let s(b) be the second derivative of 7*b**4/12 - b**3/6 - b**2/2 - 13*b. Suppose 5*l + 3 = -2. List the prime factors of s(l).
7
Let f be 2/3*1*12. List the prime factors of (3 - f)*2/(-2).
5
Let t(b) = -b**2 - 12*b - 12. List the prime factors of t(-5).
23
Suppose 0 = 4*z - 5*v - 1401, 3*z - v = -5*v + 1043. List the prime factors of z.
349
What are the prime factors of 100/4 + -4 - -1?
2, 11
Suppose b = -8*j + 7*j + 50, 2*j - 2*b - 88 = 0. What are the prime factors of j?
47
Suppose -92 = 2*x - 14. Let s be (-123)/x + 2/(-13). Suppose c + 2*i = 15, s*c - i = -0*i + 31. What are the prime factors of c?
11
Suppose -151 = -5*q - 4*m + 69, 0 = -2*m. List the prime factors of q.
2, 11
List the prime factors of (24/16)/((-3)/(-176)).
2, 11
Let t be 2 + 7 - (3 + -1). Let p = t - 4. List the prime factors of p/12 - 14/(-8).
2
Let j(g) = -g**2 + g. Let h be j(3). What are the prime factors of -3*100/h + -1?
7
Let p be 1/(21/(-11) - -2). What are the prime factors of (2/2)/(p/275)?
5
Suppose u - 3*u = -12. Let a = u - -1. What are the prime factors of a?
7
Let d(h) = h**2 - 16*h + 24. What are the prime factors of d(17)?
41
Let r = 31 - 16. Suppose 2*k - 9 - 3 = 0. List the prime factors of k/r + 88/5.
2, 3
Let u be 2/12 - 10/(-12). List the prime factors of -22*(u + 2)/(-6).
11
Suppose -2 = -5*u - 0*u - 2*o, 0 = u + 3*o + 10. Suppose 3 = v - u. Suppose v*p - 35 = -0*p. What are the prime factors of p?
7
Let u = -9 - -6. Let t(f) = -f**3 - 2*f**2 + f - 2. Let g be t(u). Suppose 76 = 4*p - g*h, -p + 4*h = -9 - 13. List the prime factors of p.
2, 3
Let y = -24 + 3. Let m = 39 + y. What are the prime factors of m?
2, 3
Suppose -m - 72 = -2*m. Suppose 0 = 5*o + 4*n - m, 2*o + 2*n = -0*n + 30. List the prime factors of o.
2, 3
Let n = 5 + -3. List the prime factors of (n/(-8) + 1)*4.
3
Suppose -2*q + 20 = 2*q. Suppose 0 = -p - p - 4*z + 6, 3 = p + q*z. What are the prime factors of p?
3
Let c(j) = -57*j + 2. Let u be c(-4). List the prime factors of u/18 + 2/9.
13
Suppose 0 = 5*t - 20, -t - 35 = 3*k - 213. What are the prime factors of k?
2, 29
Suppose -174 = -14*y + 8*y. List the prime factors of y.
29
What are the prime factors of (1148/(-20) + 4)/((-1)/5)?
3, 89
Suppose 2*r = -r + 5*q + 155, -5*r - 2*q = -217. Let a = r + -29. What are the prime factors of a?
2
Let w(s) = 2*s**2 + 3*s - 2*s**2 - 5*s + 2*s**2. What are the prime factors of w(2)?
2
Let b be 3 + 0 + 8 + -6. Suppose -53 = -2*c - p, c + 4*p + b - 28 = 0. Let d = -14 + c. List the prime factors of d.
13
Let j(y) be the second derivative of y**3/3 + 2*y**2 + 4*y. What are the prime factors of j(8)?
2, 5
Let y(z) = -z**3 - 4*z**2 + 5*z + 4. Let s be y(-5). Suppose s*k + 17 = 3*h, 3*h - 1 = -4*k + 24. List the prime factors of h.
7
Suppose -3*p + 799 = 5*m, -2*m = 4*p - 130 - 184. List the prime factors of m.
7, 23
Let t(d) = -9*d - 12. What are the prime factors of t(-12)?
2, 3
Let x(w) = 3*w - 2*w - 2*w - 18. Let d be x(0). What are the prime factors of (d/15)/((-12)/40)?
2
Let y = -244 + 448. List the prime factors of y.
2, 3, 17
Suppose 5*w - 4*t + 6 = 0, -2*w - 4 = -6*w + t. Suppose p - 2 - 7 = -3*x, -3*x + 24 = w*p. What are the prime factors of p?
3, 5
Suppose 2*d + 333 = 6*d + y, 20 = 4*y. Suppose -d + 1 = 3*p. Let r = p + 39. What are the prime factors of r?
2, 3
Let h = -22 - -44. What are the prime factors of h?
2, 11
Suppose 474 = 2*j + 4*j. What are the prime factors of j?
79
Suppose -5*x + 40 = l + 2*l, 0 = -5*x - 4*l + 45. Suppose x*y - 3 - 12 = 0. What are the prime factors of y?
3
Suppose 6*i = 5*i + 135. What are the prime factors of i?
3, 5
Let n(s) = s. Let h be n(0). Suppose -2*z - z + 9 = h. Suppose -z*m + m + 16 = 0. List the prime factors of m.
2
Suppose 21 = 5*s + 2*t - 341, 0 = -4*t - 16. What are the prime factors of s?
2, 37
Suppose -3*s + 208 - 28 = 0. Suppose 3*l + 4*m = l + s, -m = 5*l - 114. List the prime factors of l.
2, 11
Let f(j) = -j**3 + 9*j**2 - 7*j - 4. Let g be f(8). Suppose 6*s - 27 = 3*s. Suppose -g*t = q + s, -3*q - 4*t - 1 = 2. What are the prime factors of q?
3
Suppose 8*j - 9*j = -255. List the prime factors of j.
3, 5, 17
Let x be (-4)/(-4*1) + 33. Let r = -2 + x. List the prime factors of r.
2
Suppose -h + 6 = -3. List the prime factors of h.
3
Suppose 169 = 3*j - 98. What are the prime factors of j?
89
Suppose 3*c - 1 + 13 = 0. Let n be 20/6*(-6)/c. List the prime factors of ((-4)/(-5) + 0)*n.
2
What are the prime factors of (-23)/(-1) + -5 + 9?
3
Let y(x) = -x + 10. Let q be y(5). Let u = 8 - q. Suppose s = -u*s + 48. What are the prime factors of s?
2, 3
Let r(j) = -4*j**2 - 4*j - 2. Let c be r(-4). Let n be (-1)/((-52)/c + -1). Let p = -13 - n. What are the prime factors of p?
2, 3
Let w(c) be the third derivative of c**4/24 + 13*c**3/6 + 4*c**2. Suppose -2*q - f = 21, -19 = -q + 5*f - 2. List the prime factors of w(q).
5
Suppose -4*d + 77 = -2*x - 65, 2*d - 76 = -4*x. Suppose d = -5*w + 136. List the prime factors of w.
2, 5
Let r(d) = d**3 + 5. Let b be r(0). Suppose b = 2*v - 1. What are the prime factors of 6*(3/(-2) + v)?
3
Let s(x) = -x**2 + 8*x + 5. Suppose -5*t + 189 - 49 = 0. Suppose 0 = -m - 3*m + t. List the prime factors of s(m).
2, 3
Suppose -c - 8 + 7 = 0. Let z(y) = 11*y**2 - y - 1. List the prime factors of z(c).
11
Suppose 80 = 3*u + 2*i - 46, u - 47 = i. What are the prime factors of u?
2, 11
Let x = -21 - -26. Suppose 40 + 100 = x*d. List the prime factors of d.
2, 7
Let o(u) be the first derivative of -u**4/4 - 7*u**3/3 + 5*u**2 + 10*u + 2. Let g be o(-8). What are the prime factors of 34/10 + g/15?
3
Suppose -5*a - 5*m = -80, 0 = -2*a + 3*m + 12 - 5. List the prime factors of a.
11
Let u = -11 - -22. Suppose 5*d + 7 = -y + d, 2*d = y - u. List the prime factors of y.
5
What are the prime factors of (-1 - 3968/(-28)) + (-10)/(-35)?
3, 47
Let h be (6/4)/((-7)/(-98)). Suppose z - h = -2*z. What are the prime factors of z?
7
Let v be (-2)/(-3) + (-680)/(-6). Suppose -2*l = l - v. List the prime factors of l.
2, 19
Let n(c) = c**2 + 21. List the prime factors of n(0).
3, 7
Suppose -4*f + 71 = -57. List the prime factors of f.
2
Suppose y - 20 = -3*y. Let o be 1 - (0 - (36 - -1)). Suppose -4*p - 4*j = -28, o = 2*p - y*j + j. What are the prime factors of p?
11
Suppose -2*r + 2 = -2. Suppose -r*a = -4, 4*a = -4*s + 19 + 13. What are the prime factors of s?
2, 3
Let x(a) be the second derivative of 7*a**5/120 + a**3/3 - a. Let d(i) be the second derivative of x(i). What are the prime factors of d(1)?
7
Let k = -8 - -13. Suppose 0*s = -k*s + 105. What are the prime factors of s?
3, 7
Let r be (4/12)/(2/18). Suppose 9*g = -5*f + 4*g, r*f - 4*g - 28 = 0. Suppose 4*j + 10 = y - 0*y, 0 = -f*y - 4*j + 60. List the prime factors of y.
2, 7
Let d(w) be the third derivative of -w**5/60 - 5*w**4/12 - 3*w**3/2 + 13*w**2. Let m be (-1)/(2/12)*1. What are the prime factors of d(m)?
3, 5
Suppose -31 + 10 = -r. List the prime factors of r.
3, 7
Suppose -4*o